{"id":7,"date":"2024-04-03T11:33:56","date_gmt":"2024-04-03T11:33:56","guid":{"rendered":"https:\/\/radicaloffice.es\/?page_id=7"},"modified":"2025-12-13T12:37:43","modified_gmt":"2025-12-13T12:37:43","slug":"elementor-7","status":"publish","type":"page","link":"https:\/\/radicaloffice.es\/?page_id=7","title":{"rendered":"Backup"},"content":{"rendered":"\t\t<div data-elementor-type=\"wp-post\" data-elementor-id=\"7\" class=\"elementor elementor-7\">\n\t\t\t\t<div class=\"elementor-element elementor-element-00971f0 e-flex e-con-boxed wpr-particle-no wpr-jarallax-no wpr-parallax-no wpr-sticky-section-no e-con e-parent\" data-id=\"00971f0\" data-element_type=\"container\">\n\t\t\t\t\t<div class=\"e-con-inner\">\n\t\t\t\t<div class=\"elementor-element elementor-element-2b0517f elementor-widget elementor-widget-text-editor\" data-id=\"2b0517f\" data-element_type=\"widget\" data-widget_type=\"text-editor.default\">\n\t\t\t\t<div class=\"elementor-widget-container\">\n\t\t\t\t\t\t\t\t\t<header class=\"entry-header \" style=\"color: rgb(51, 51, 51); font-family: &quot;Source Sans Pro&quot;, Arial, sans-serif; font-size: 15px;\"><div class=\"entry-header-inner\"><h1 class=\"entry-title\" style=\"margin-top: 0px; margin-bottom: 0.3125em; font-size: 2.48832em; color: rgb(48, 49, 51); line-height: 1.5; text-rendering: optimizelegibility; overflow-wrap: break-word;\">Backup<\/h1><\/div><\/header><div class=\"post-entry tc-content-inner\" style=\"color: rgb(119, 119, 119); max-width: 100%; font-family: &quot;Source Sans Pro&quot;, Arial, sans-serif; font-size: 15px;\"><section class=\"post-content entry-content \" style=\"counter-reset: footnotes 0; color: rgb(68, 68, 68); font-size: 1.2em; line-height: 1.55em; margin: 0px 0px 2em;\"><div class=\"czr-wp-the-content\"><h2 class=\"wp-block-heading\" style=\"margin-top: 1.25em; margin-bottom: 0.5rem; font-size: 2.0736em; color: rgb(48, 49, 51); line-height: 1.25em; text-rendering: optimizelegibility;\">PROTEGED VUESTROS DATOS ANTE<\/h2><p style=\"margin-top: 1.25em; margin-bottom: 1rem; overflow-wrap: break-word;\"><span style=\"font-weight: 700;\">fallos, robos, destrucci\u00f3n, hackers, cryptolockers, virus, malware y desastres<\/span><\/p><h2 class=\"wp-block-heading\" style=\"margin-top: 1.25em; margin-bottom: 0.5rem; font-size: 2.0736em; color: rgb(48, 49, 51); line-height: 1.25em; text-rendering: optimizelegibility;\">\u00bfEst\u00e1n los datos de vuestra empresa protegidos?<\/h2><p style=\"margin-top: 1.25em; margin-bottom: 1rem; overflow-wrap: break-word;\">La copia de seguridad que os proporcionamos con la soluci\u00f3n Backup HA en el cloud propio de Radical es la mejor opci\u00f3n para asegurar los datos de vuestra empresa y asegurar as\u00ed su continuidad<\/p><h2 class=\"wp-block-heading\" style=\"margin-top: 1.25em; margin-bottom: 0.5rem; font-size: 2.0736em; color: rgb(48, 49, 51); line-height: 1.25em; text-rendering: optimizelegibility;\">El backup de Radical Office ofrece<\/h2><ul class=\"wp-block-list\" style=\"margin-right: 0px; margin-left: 0px; list-style: outside square; padding: 0.5rem 0px 1rem 3rem;\"><li style=\"line-height: 1.55em; padding: 0.25rem 0.5rem;\">Copia de seguridad de la&nbsp;<span style=\"font-weight: 700;\">infraestructura IT<\/span><\/li><li style=\"line-height: 1.55em; padding: 0.25rem 0.5rem;\">Copia de seguridad online de servidores&nbsp;<span style=\"font-weight: 700;\">ERP, bases de datos, ficheros, producci\u00f3n<\/span><\/li><li style=\"line-height: 1.55em; padding: 0.25rem 0.5rem;\">Soluci\u00f3n de backup&nbsp;<span style=\"font-weight: 700;\">de alta de disponibilidad<\/span>&nbsp;localmente en la empresa y en cloud<\/li><li style=\"line-height: 1.55em; padding: 0.25rem 0.5rem;\">Copia de seguridad de&nbsp;<span style=\"font-weight: 700;\">entornos virtuales<\/span>:<\/li><\/ul><div class=\"wp-block-image\"><figure class=\"aligncenter is-resized\" style=\"margin-right: auto; margin-left: auto; display: table; text-align: center;\"><img decoding=\"async\" src=\"https:\/\/www.vunkers.com\/wp-content\/uploads\/2019\/03\/hyperv-1.png\" alt=\"\" width=\"158\" height=\"62\" class=\"tc-smart-loaded\" style=\"vertical-align: bottom;\"><\/figure><\/div><h2 class=\"wp-block-heading\" style=\"margin-top: 1.25em; margin-bottom: 0.5rem; font-size: 2.0736em; color: rgb(48, 49, 51); line-height: 1.25em; text-rendering: optimizelegibility;\">Cumplid con la LOPD y la RGPD<\/h2><h3 class=\"wp-block-heading\" style=\"margin-top: 1.25em; margin-bottom: 0.5rem; font-size: 1.6em; color: rgb(48, 49, 51); line-height: 1.25em; text-rendering: optimizelegibility;\">\u00bfSab\u00e9is d\u00f3nde est\u00e1n vuestros datos?<\/h3><h3 class=\"wp-block-heading\" style=\"margin-top: 1.25em; margin-bottom: 0.5rem; font-size: 1.6em; color: rgb(48, 49, 51); line-height: 1.25em; text-rendering: optimizelegibility;\">\u00bfSab\u00e9is que los servidores donde se guardan vuestros datos no pueden estar fuera de la Uni\u00f3n Europea?<\/h3><h2 class=\"wp-block-heading\" style=\"margin-top: 1.25em; margin-bottom: 0.5rem; font-size: 2.0736em; color: rgb(48, 49, 51); line-height: 1.25em; text-rendering: optimizelegibility;\">Radical Office os proporciona un entorno seguro para vuestros datos, con todas las garant\u00edas legales y t\u00e9cnicas<\/h2><ul class=\"wp-block-list\" style=\"margin-right: 0px; margin-left: 0px; list-style: outside square; padding: 0.5rem 0px 1rem 3rem;\"><li style=\"line-height: 1.55em; padding: 0.25rem 0.5rem;\">Las copias han de estar duplicadas, separadas del entorno de producci\u00f3n y no visibles para evitar propagaciones de malware como los criptolockers.<\/li><li style=\"line-height: 1.55em; padding: 0.25rem 0.5rem;\">Que las copias est\u00e9n encriptadas, sobretodo si hay alg\u00fan tipo de transporte de este backup.<\/li><li style=\"line-height: 1.55em; padding: 0.25rem 0.5rem;\">La pol\u00edtica de copias de seguridad ha de ser clara, documentada. As\u00ed como el sistema de recuperaci\u00f3n ante desastres.<\/li><li style=\"line-height: 1.55em; padding: 0.25rem 0.5rem;\">Disponer de un software actualizado de backup, con soporte y un partner certificado con la soluci\u00f3n.<\/li><\/ul><h2 class=\"wp-block-heading\" style=\"margin-top: 1.25em; margin-bottom: 0.5rem; font-size: 2.0736em; color: rgb(48, 49, 51); line-height: 1.25em; text-rendering: optimizelegibility;\">Con la garant\u00eda y servicio de Radical Office<\/h2><p class=\"\" style=\"margin-top: 1.25em; margin-bottom: 1rem; overflow-wrap: break-word;\"><img decoding=\"async\" src=\"https:\/\/www.vunkers.com\/wp-content\/uploads\/2017\/05\/1.png\" alt=\"\" class=\"tc-smart-loaded\" style=\"vertical-align: middle; width: 100px;\"><span style=\"font-weight: 700;\">Verificaci\u00f3n diaria<\/span><\/p><p style=\"margin-top: 1.25em; margin-bottom: 1rem; overflow-wrap: break-word;\"><span style=\"font-weight: 700;\">Verificaci\u00f3n diaria<\/span>&nbsp;de que todas las copias de seguridad tengan consistencia y \u00e9xito.<\/p><p class=\"\" style=\"margin-top: 1.25em; margin-bottom: 1rem; overflow-wrap: break-word;\"><img decoding=\"async\" src=\"https:\/\/www.vunkers.com\/wp-content\/uploads\/2017\/05\/2.png\" alt=\"\" class=\"tc-smart-loaded\" style=\"vertical-align: middle; width: 100px;\"><span style=\"font-weight: 700;\">Monitorizaci\u00f3n de los backups<\/span><\/p><p style=\"margin-top: 1.25em; margin-bottom: 1rem; overflow-wrap: break-word;\">Monitorizaci\u00f3n de los backups con&nbsp;<span style=\"font-weight: 700;\">supervisi\u00f3n 24\u00d77.<\/span><\/p><p class=\"\" style=\"margin-top: 1.25em; margin-bottom: 1rem; overflow-wrap: break-word;\"><img decoding=\"async\" src=\"https:\/\/www.vunkers.com\/wp-content\/uploads\/2017\/05\/4.png\" alt=\"\" class=\"tc-smart-loaded\" style=\"vertical-align: middle; width: 100px;\"><span style=\"font-weight: 700;\">Informes al cliente<\/span><\/p><p style=\"margin-top: 1.25em; margin-bottom: 1rem; overflow-wrap: break-word;\">Informaci\u00f3n al cliente de informes de las&nbsp;<span style=\"font-weight: 700;\">copias de seguridad<\/span><\/p><p class=\"\" style=\"margin-top: 1.25em; margin-bottom: 1rem; overflow-wrap: break-word;\"><img decoding=\"async\" src=\"https:\/\/www.vunkers.com\/wp-content\/uploads\/2017\/05\/5.png\" alt=\"\" class=\"tc-smart-loaded\" style=\"vertical-align: middle; width: 100px;\"><span style=\"font-weight: 700;\">Geo redundancia<\/span><\/p><p style=\"margin-top: 1.25em; margin-bottom: 1rem; overflow-wrap: break-word;\">Georedundancia&nbsp;<span style=\"font-weight: 700;\">de los datos<\/span>&nbsp;en nuestro CPD con redundancia en Alemania.<\/p><p class=\"\" style=\"margin-top: 1.25em; margin-bottom: 1rem; overflow-wrap: break-word;\"><img decoding=\"async\" src=\"https:\/\/www.vunkers.com\/wp-content\/uploads\/2017\/05\/6.png\" alt=\"\" class=\"tc-smart-loaded\" style=\"vertical-align: middle; width: 100px;\"><span style=\"font-weight: 700;\">Protecci\u00f3n de datos<\/span><\/p><p style=\"margin-top: 1.25em; margin-bottom: 1rem; overflow-wrap: break-word;\">Cumplimiento de la&nbsp;<span style=\"font-weight: 700;\">LOPD<\/span>&nbsp;y de la&nbsp;<span style=\"font-weight: 700;\">RGPD<\/span>.<\/p><p class=\"\" style=\"margin-top: 1.25em; margin-bottom: 1rem; overflow-wrap: break-word;\"><img decoding=\"async\" src=\"https:\/\/www.vunkers.com\/wp-content\/uploads\/2017\/05\/11.png\" alt=\"\" class=\"tc-smart-loaded\" style=\"vertical-align: middle; width: 100px;\"><span style=\"font-weight: 700;\">Principales fabricantes<\/span><\/p><p style=\"margin-top: 1.25em; margin-bottom: 1rem; overflow-wrap: break-word;\">Partners de los principales fabricantes de soluciones de backup.<\/p><p class=\"\" style=\"margin-top: 1.25em; margin-bottom: 1rem; overflow-wrap: break-word;\"><img decoding=\"async\" src=\"https:\/\/www.vunkers.com\/wp-content\/uploads\/2017\/05\/9.png\" alt=\"\" class=\"tc-smart-loaded\" style=\"vertical-align: middle; width: 100px;\"><span style=\"font-weight: 700;\">R\u00e1pida recuperaci\u00f3n<\/span><\/p><p style=\"margin-top: 1.25em; margin-bottom: 1rem; overflow-wrap: break-word;\">R\u00e1pida recuperaci\u00f3n&nbsp;<span style=\"font-weight: 700;\">de los datos<\/span>&nbsp;en caso de desastre.<\/p><p class=\"\" style=\"margin-top: 1.25em; margin-bottom: 1rem; overflow-wrap: break-word;\"><img decoding=\"async\" src=\"https:\/\/www.vunkers.com\/wp-content\/uploads\/2017\/05\/7.png\" alt=\"\" class=\"tc-smart-loaded\" style=\"vertical-align: middle; width: 100px;\"><span style=\"font-weight: 700;\">M\u00e1xima seguridad<\/span><\/p><p class=\"\" style=\"margin-top: 1.25em; margin-bottom: 1rem; overflow-wrap: break-word;\">M\u00e1xima seguridad con las transmisiones de datos, cifrados con&nbsp;<span style=\"font-weight: 700;\">AES-256<\/span>&nbsp;y&nbsp;<span style=\"font-weight: 700;\">certificados SSL<\/span>.<img decoding=\"async\" src=\"https:\/\/www.vunkers.com\/wp-content\/uploads\/2017\/05\/10.png\" alt=\"\" class=\"tc-smart-loaded\" style=\"vertical-align: middle; width: 100px;\"><span style=\"font-weight: 700;\">Plan personalizado<\/span><\/p><p style=\"margin-top: 1.25em; margin-bottom: 1rem; overflow-wrap: break-word;\"><span style=\"font-weight: 700;\">Ampliable opcionalmente<\/span>&nbsp;con Disaster Recovery. Plan personalizado.<\/p><p class=\"\" style=\"margin-top: 1.25em; margin-bottom: 1rem; overflow-wrap: break-word;\"><img decoding=\"async\" src=\"https:\/\/www.vunkers.com\/wp-content\/uploads\/2017\/05\/8.png\" alt=\"\" class=\"tc-smart-loaded\" style=\"vertical-align: middle; width: 100px;\"><span style=\"font-weight: 700;\">T\u00e9cnicos expertos y certificados<\/span><\/p><p style=\"margin-top: 1.25em; margin-bottom: 1rem; overflow-wrap: break-word;\"><span style=\"font-weight: 700;\">Servicio urgente<\/span>&nbsp;por parte de t\u00e9cnicos expertos y certificados.<\/p><\/div><\/section><\/div>\t\t\t\t\t\t\t\t<\/div>\n\t\t\t\t<\/div>\n\t\t\t\t\t<\/div>\n\t\t\t\t<\/div>\n\t\t\t\t<\/div>\n\t\t","protected":false},"excerpt":{"rendered":"<p>Backup PROTEGED VUESTROS DATOS ANTE fallos, robos, destrucci\u00f3n, hackers, cryptolockers, virus, malware y desastres \u00bfEst\u00e1n los datos de vuestra empresa protegidos? La copia de seguridad que os proporcionamos con la soluci\u00f3n Backup HA en el cloud propio de Radical es la mejor opci\u00f3n para asegurar los datos de vuestra empresa y asegurar as\u00ed su continuidad El backup de Radical Office ofrece Copia de seguridad de la&nbsp;infraestructura IT Copia de seguridad online de servidores&nbsp;ERP, bases de datos, ficheros, producci\u00f3n Soluci\u00f3n de backup&nbsp;de alta de disponibilidad&nbsp;localmente en la empresa y en cloud Copia de seguridad de&nbsp;entornos virtuales: Cumplid con la LOPD y la RGPD \u00bfSab\u00e9is d\u00f3nde est\u00e1n vuestros datos? \u00bfSab\u00e9is que los servidores donde se guardan vuestros datos no pueden estar fuera de la Uni\u00f3n Europea? Radical Office os proporciona un entorno seguro para vuestros datos, con todas las garant\u00edas legales y t\u00e9cnicas Las copias han de estar duplicadas, separadas del entorno de producci\u00f3n y no visibles para evitar propagaciones de malware como los criptolockers. Que las copias est\u00e9n encriptadas, sobretodo si hay alg\u00fan tipo de transporte de este backup. La pol\u00edtica de copias de seguridad ha de ser clara, documentada. As\u00ed como el sistema de recuperaci\u00f3n ante desastres. Disponer de un software actualizado de backup, con soporte y un partner certificado con la soluci\u00f3n. Con la garant\u00eda y servicio de Radical Office Verificaci\u00f3n diaria Verificaci\u00f3n diaria&nbsp;de que todas las copias de seguridad tengan consistencia y \u00e9xito. Monitorizaci\u00f3n de los backups Monitorizaci\u00f3n de los backups con&nbsp;supervisi\u00f3n 24\u00d77. Informes al cliente Informaci\u00f3n al cliente de informes de las&nbsp;copias de seguridad Geo redundancia Georedundancia&nbsp;de los datos&nbsp;en nuestro CPD con redundancia en Alemania. Protecci\u00f3n de datos Cumplimiento de la&nbsp;LOPD&nbsp;y de la&nbsp;RGPD. Principales fabricantes Partners de los principales fabricantes de soluciones de backup. R\u00e1pida recuperaci\u00f3n R\u00e1pida recuperaci\u00f3n&nbsp;de los datos&nbsp;en caso de desastre. M\u00e1xima seguridad M\u00e1xima seguridad con las transmisiones de datos, cifrados con&nbsp;AES-256&nbsp;y&nbsp;certificados SSL.Plan personalizado Ampliable opcionalmente&nbsp;con Disaster Recovery. Plan personalizado. T\u00e9cnicos expertos y certificados Servicio urgente&nbsp;por parte de t\u00e9cnicos expertos y certificados.<\/p>\n","protected":false},"author":1,"featured_media":0,"parent":0,"menu_order":0,"comment_status":"closed","ping_status":"closed","template":"","meta":{"footnotes":""},"class_list":["post-7","page","type-page","status-publish","hentry"],"_links":{"self":[{"href":"https:\/\/radicaloffice.es\/index.php?rest_route=\/wp\/v2\/pages\/7","targetHints":{"allow":["GET"]}}],"collection":[{"href":"https:\/\/radicaloffice.es\/index.php?rest_route=\/wp\/v2\/pages"}],"about":[{"href":"https:\/\/radicaloffice.es\/index.php?rest_route=\/wp\/v2\/types\/page"}],"author":[{"embeddable":true,"href":"https:\/\/radicaloffice.es\/index.php?rest_route=\/wp\/v2\/users\/1"}],"replies":[{"embeddable":true,"href":"https:\/\/radicaloffice.es\/index.php?rest_route=%2Fwp%2Fv2%2Fcomments&post=7"}],"version-history":[{"count":5,"href":"https:\/\/radicaloffice.es\/index.php?rest_route=\/wp\/v2\/pages\/7\/revisions"}],"predecessor-version":[{"id":1135,"href":"https:\/\/radicaloffice.es\/index.php?rest_route=\/wp\/v2\/pages\/7\/revisions\/1135"}],"wp:attachment":[{"href":"https:\/\/radicaloffice.es\/index.php?rest_route=%2Fwp%2Fv2%2Fmedia&parent=7"}],"curies":[{"name":"wp","href":"https:\/\/api.w.org\/{rel}","templated":true}]}}