{"id":1164,"date":"2025-12-13T12:46:14","date_gmt":"2025-12-13T12:46:14","guid":{"rendered":"https:\/\/radicaloffice.es\/?page_id=1164"},"modified":"2025-12-13T12:46:38","modified_gmt":"2025-12-13T12:46:38","slug":"e-commerce","status":"publish","type":"page","link":"https:\/\/radicaloffice.es\/?page_id=1164","title":{"rendered":"E-commerce"},"content":{"rendered":"\t\t<div data-elementor-type=\"wp-page\" data-elementor-id=\"1164\" class=\"elementor elementor-1164\">\n\t\t\t\t<div class=\"elementor-element elementor-element-bd95768 e-flex e-con-boxed wpr-particle-no wpr-jarallax-no wpr-parallax-no wpr-sticky-section-no e-con e-parent\" data-id=\"bd95768\" data-element_type=\"container\">\n\t\t\t\t\t<div class=\"e-con-inner\">\n\t\t\t\t<div class=\"elementor-element elementor-element-adb46cb elementor-widget elementor-widget-text-editor\" data-id=\"adb46cb\" data-element_type=\"widget\" data-widget_type=\"text-editor.default\">\n\t\t\t\t<div class=\"elementor-widget-container\">\n\t\t\t\t\t\t\t\t\t<header class=\"entry-header \" style=\"color: #333333; font-family: 'Source Sans Pro', Arial, sans-serif; font-size: 15px;\"><div class=\"entry-header-inner\"><h1 class=\"entry-title\" style=\"margin-top: 0px; margin-bottom: 0.3125em; font-size: 2.48832em; color: #303133; line-height: 1.5; text-rendering: optimizelegibility; overflow-wrap: break-word;\">E-commerce<\/h1><\/div><\/header><div class=\"post-entry tc-content-inner\" style=\"color: #777777; max-width: 100%; font-family: 'Source Sans Pro', Arial, sans-serif; font-size: 15px;\"><section class=\"post-content entry-content \" style=\"counter-reset: footnotes 0; color: #444444; font-size: 1.2em; line-height: 1.55em; margin: 0px 0px 2em;\"><div class=\"czr-wp-the-content\"><p style=\"margin-top: 1.25em; margin-bottom: 1rem; overflow-wrap: break-word;\"><span style=\"font-weight: bold;\">El comercio electr\u00f3nico<\/span>\u00a0est\u00e1 ganando cada vez mayor importancia debido a un factor muy importante: el nuevo comportamiento del consumidor, las nuevas generaciones apoyan sus decisiones de compras con herramientas digitales que les aporten mayores caracter\u00edsticas sobre los productos o servicios que desean adquirir<\/p><h2 class=\"wp-block-heading\" style=\"margin-top: 1.25em; margin-bottom: 0.5rem; font-size: 2.0736em; color: #303133; line-height: 1.25em; text-rendering: optimizelegibility;\">Creamos vuestra tienda online a medida<\/h2><p style=\"margin-top: 1.25em; margin-bottom: 1rem; overflow-wrap: break-word;\"><span style=\"font-weight: bold;\">En las organizaciones modernas<\/span>\u00a0los procesos corren bajo plataformas y sistemas heterog\u00e9neos e incompatibles entre s\u00ed, por eso\u00a0<span style=\"font-weight: bold;\">os ayudamos a establecer protocolos y soluciones intermedias que faciliten una comunicaci\u00f3n con el resto de aplicaciones<\/span>\u00a0de las que requieren consumir y enviar informaci\u00f3n, transparente para el usuario final.<br \/>Las empresas que deseen tener una presencia en internet m\u00e1s efectiva no se pueden conformar con una p\u00e1gina corporativa que tan s\u00f3lo proporcione informaci\u00f3n. En los tiempos que corren el\u00a0<span style=\"font-weight: bold;\">comercio electr\u00f3nico<\/span>\u00a0se ha revelado como una gran v\u00eda de negocio para aquellos que sepan aprovechar sus posibilidades.<\/p><h2 class=\"wp-block-heading\" style=\"margin-top: 1.25em; margin-bottom: 0.5rem; font-size: 2.0736em; color: #303133; line-height: 1.25em; text-rendering: optimizelegibility;\">Hoy en d\u00eda<\/h2><p style=\"margin-top: 1.25em; margin-bottom: 1rem; overflow-wrap: break-word;\"><span style=\"font-weight: bold;\">Los consumidores ya est\u00e1n totalmente acostumbrados a realizar sus compras online<\/span>\u00a0y los procedimientos de pago son cada vez m\u00e1s\u00a0<span style=\"font-weight: bold;\">diversos y seguros<\/span>, gracias a productos como Pay Pal por ejemplo. Esto acerca mucho m\u00e1s al consumidor a la experiencia de\u00a0<span style=\"font-weight: bold;\">compra en internet<\/span>, con m\u00e1s\u00a0<span style=\"font-weight: bold;\">confianza<\/span>\u00a0y ya totalmente adaptados al uso.<\/p><p style=\"margin-top: 1.25em; margin-bottom: 1rem; overflow-wrap: break-word;\">Se han dado grandes \u00e9xitos en el \u00e1rea del E Commerce que demuestran la efectividad de una\u00a0<span style=\"font-weight: bold;\">buena tienda online<\/span>\u00a0a la hora de\u00a0<span style=\"font-weight: bold;\">mejorar sustancialmente los beneficios<\/span>\u00a0de todo tipo de empresas.<\/p><\/div><\/section><\/div>\t\t\t\t\t\t\t\t<\/div>\n\t\t\t\t<\/div>\n\t\t\t\t\t<\/div>\n\t\t\t\t<\/div>\n\t\t\t\t<\/div>\n\t\t","protected":false},"excerpt":{"rendered":"<p>E-commerce El comercio electr\u00f3nico\u00a0est\u00e1 ganando cada vez mayor importancia debido a un factor muy importante: el nuevo comportamiento del consumidor, las nuevas generaciones apoyan sus decisiones de compras con herramientas digitales que les aporten mayores caracter\u00edsticas sobre los productos o servicios que desean adquirir Creamos vuestra tienda online a medida En las organizaciones modernas\u00a0los procesos corren bajo plataformas y sistemas heterog\u00e9neos e incompatibles entre s\u00ed, por eso\u00a0os ayudamos a establecer protocolos y soluciones intermedias que faciliten una comunicaci\u00f3n con el resto de aplicaciones\u00a0de las que requieren consumir y enviar informaci\u00f3n, transparente para el usuario final.Las empresas que deseen tener una presencia en internet m\u00e1s efectiva no se pueden conformar con una p\u00e1gina corporativa que tan s\u00f3lo proporcione informaci\u00f3n. En los tiempos que corren el\u00a0comercio electr\u00f3nico\u00a0se ha revelado como una gran v\u00eda de negocio para aquellos que sepan aprovechar sus posibilidades. Hoy en d\u00eda Los consumidores ya est\u00e1n totalmente acostumbrados a realizar sus compras online\u00a0y los procedimientos de pago son cada vez m\u00e1s\u00a0diversos y seguros, gracias a productos como Pay Pal por ejemplo. Esto acerca mucho m\u00e1s al consumidor a la experiencia de\u00a0compra en internet, con m\u00e1s\u00a0confianza\u00a0y ya totalmente adaptados al uso. Se han dado grandes \u00e9xitos en el \u00e1rea del E Commerce que demuestran la efectividad de una\u00a0buena tienda online\u00a0a la hora de\u00a0mejorar sustancialmente los beneficios\u00a0de todo tipo de empresas.<\/p>\n","protected":false},"author":1,"featured_media":0,"parent":0,"menu_order":0,"comment_status":"closed","ping_status":"closed","template":"","meta":{"footnotes":""},"class_list":["post-1164","page","type-page","status-publish","hentry"],"_links":{"self":[{"href":"https:\/\/radicaloffice.es\/index.php?rest_route=\/wp\/v2\/pages\/1164","targetHints":{"allow":["GET"]}}],"collection":[{"href":"https:\/\/radicaloffice.es\/index.php?rest_route=\/wp\/v2\/pages"}],"about":[{"href":"https:\/\/radicaloffice.es\/index.php?rest_route=\/wp\/v2\/types\/page"}],"author":[{"embeddable":true,"href":"https:\/\/radicaloffice.es\/index.php?rest_route=\/wp\/v2\/users\/1"}],"replies":[{"embeddable":true,"href":"https:\/\/radicaloffice.es\/index.php?rest_route=%2Fwp%2Fv2%2Fcomments&post=1164"}],"version-history":[{"count":4,"href":"https:\/\/radicaloffice.es\/index.php?rest_route=\/wp\/v2\/pages\/1164\/revisions"}],"predecessor-version":[{"id":1168,"href":"https:\/\/radicaloffice.es\/index.php?rest_route=\/wp\/v2\/pages\/1164\/revisions\/1168"}],"wp:attachment":[{"href":"https:\/\/radicaloffice.es\/index.php?rest_route=%2Fwp%2Fv2%2Fmedia&parent=1164"}],"curies":[{"name":"wp","href":"https:\/\/api.w.org\/{rel}","templated":true}]}}